{"id":17067,"date":"2023-04-20T22:42:25","date_gmt":"2023-04-20T20:42:25","guid":{"rendered":"https:\/\/www.plasnor.com\/the-10-trending-colours\/"},"modified":"2023-05-03T22:15:49","modified_gmt":"2023-05-03T20:15:49","slug":"die-10-trendfarben","status":"publish","type":"page","link":"https:\/\/www.plasnor.com\/de\/moebel-norsan-high-gloss\/die-10-trendfarben\/","title":{"rendered":"Die 10 trendfarben"},"content":{"rendered":"<div id=\"pl-17067\"  class=\"panel-layout\" ><div id=\"pg-17067-0\"  class=\"panel-grid panel-no-style\" ><div id=\"pgc-17067-0-0\"  class=\"panel-grid-cell\" ><div id=\"panel-17067-0-0-0\" class=\"so-panel widget widget_sow-editor panel-first-child panel-last-child\" data-index=\"0\" ><div\n\t\t\t\n\t\t\tclass=\"so-widget-sow-editor so-widget-sow-editor-base\"\n\t\t\t\n\t\t>\n<div class=\"siteorigin-widget-tinymce textwidget\">\n\t<p>lasnor pr\u00e4sentiert die 10 Farben, die in den kommenden Jahren einen Trend in der M\u00f6belindustrie setzen werden. Wei\u00dfe, braune oder graue Farben verschwinden nicht, aber die Verwendung einer breiteren Palette von Farben hat in den letzten Jahren an Boden gewonnen. Dies hat neuen Farben und deren Kombination Raum gegeben, um moderne und aktualisierte K\u00fcchen zu schaffen.<\/p>\n<p>Alle diese Farben sind auch in der Premium Acrylic Qualit\u00e4t erh\u00e4ltlich, die die maximale Kratzfestigkeit der unbeschichteten Acryloberfl\u00e4chen aufweist und die Kratzfestigkeit der Standard-Marktqualit\u00e4t verdoppelt.<\/p>\n<p><img loading=\"lazy\" decoding=\"async\" class=\"aligncenter wp-image-15098 size-large\" src=\"https:\/\/www.plasnor.com\/wp-content\/uploads\/2023\/04\/cocina-nuevos-colores-3-1024x724.jpg\" alt=\"\" width=\"1024\" height=\"724\" srcset=\"https:\/\/www.plasnor.com\/wp-content\/uploads\/2023\/04\/cocina-nuevos-colores-3-1024x724.jpg 1024w, https:\/\/www.plasnor.com\/wp-content\/uploads\/2023\/04\/cocina-nuevos-colores-3-300x212.jpg 300w, https:\/\/www.plasnor.com\/wp-content\/uploads\/2023\/04\/cocina-nuevos-colores-3-768x543.jpg 768w, https:\/\/www.plasnor.com\/wp-content\/uploads\/2023\/04\/cocina-nuevos-colores-3.jpg 1200w\" sizes=\"auto, (max-width: 1024px) 100vw, 1024px\" title=\"\"><\/p>\n<\/div>\n<\/div><\/div><\/div><\/div><div id=\"pg-17067-1\"  class=\"panel-grid panel-no-style\" ><div id=\"pgc-17067-1-0\"  class=\"panel-grid-cell\" ><div id=\"panel-17067-1-0-0\" class=\"so-panel widget widget_sow-editor panel-first-child\" data-index=\"1\" ><div\n\t\t\t\n\t\t\tclass=\"so-widget-sow-editor so-widget-sow-editor-base\"\n\t\t\t\n\t\t>\n<div class=\"siteorigin-widget-tinymce textwidget\">\n\t<p><strong>Dem Trend der wichtigsten internationalen M\u00e4rkte und Hersteller folgend, sind dies die Farben, die in den kommenden Jahren einen Unterschied machen werden:\u00a0<\/strong><\/p>\n<\/div>\n<\/div><\/div><div id=\"panel-17067-1-0-1\" class=\"widget_text so-panel widget widget_custom_html panel-last-child\" data-index=\"2\" ><div class=\"textwidget custom-html-widget\"><ul class=\"colores\">\n<li><span class=\"cuadro\" style=\"background-color: #2a292a;\"> <\/span>GRAPHITE<\/li>\n<li><span class=\"cuadro\" style=\"background-color: #868685;\"> <\/span>ONYX GREY<\/li>\n<li><span class=\"cuadro\" style=\"background-color: #6c6c6c;\"> <\/span>DUST GREY<\/li>\n<li><span class=\"cuadro\" style=\"background-color: #b9b8b6;\"> <\/span>LIGHT GREY<\/li>\n<li><span class=\"cuadro\" style=\"background-color: #b4aba3;\"> <\/span>CASHMERE<\/li>\n<li><span class=\"cuadro\" style=\"background-color: #9d978e;\"> <\/span>PEBBLE<\/li>\n<li><span class=\"cuadro\" style=\"background-color: #d5d6d7;\"> <\/span>ALPINE WHITE<\/li>\n<li><span class=\"cuadro\" style=\"background-color: #080d14;\"> <\/span>\u00cdNDIGO<\/li>\n<li><span class=\"cuadro\" style=\"background-color: #92a6b7;\"> <\/span>DENIM<\/li>\n<li><span class=\"cuadro\" style=\"background-color: #748889;\"> <\/span>FJORD<\/li>\n<\/ul><\/div><\/div><\/div><\/div><div id=\"pg-17067-2\"  class=\"panel-grid panel-no-style\" ><div id=\"pgc-17067-2-0\"  class=\"panel-grid-cell\" ><div id=\"panel-17067-2-0-0\" class=\"so-panel widget widget_sow-editor panel-first-child\" data-index=\"3\" ><div\n\t\t\t\n\t\t\tclass=\"so-widget-sow-editor so-widget-sow-editor-base\"\n\t\t\t\n\t\t>\n<div class=\"siteorigin-widget-tinymce textwidget\">\n\t<p>Nach dem Wei\u00dfmonopol in der K\u00fcche findet Farbe Jahr f\u00fcr Jahr ihren Platz. Bl\u00e4uliche oder gr\u00fcnliche Farben wie <strong>Denim oder Fjord <\/strong>ziehen durch die Erdfarben oder die von Grau oder Schwarz abgeleiteten Farben, die weiterhin zu den am h\u00e4ufigsten verwendeten Farben in K\u00fcchenm\u00f6beln geh\u00f6ren. Die Kombination mit nat\u00fcrlichen Elementen wie Holz ist das i-T\u00fcpfelchen f\u00fcr eine ideale K\u00fcche.<\/p>\n<p>Die Farbe Schwarz und seine Farbt\u00f6ne wie <strong>Indigo, Graphite, Grey Dust oder Grey Onix <\/strong>stehen immer f\u00fcr weltoffene \u00c4sthetik und modebewusste Eleganz.<\/p>\n<p><img loading=\"lazy\" decoding=\"async\" class=\"aligncenter wp-image-15106 size-full\" src=\"https:\/\/www.plasnor.com\/wp-content\/uploads\/2023\/04\/10-colors-tendencia-coches.jpg\" alt=\"\" width=\"885\" height=\"394\" srcset=\"https:\/\/www.plasnor.com\/wp-content\/uploads\/2023\/04\/10-colors-tendencia-coches.jpg 885w, https:\/\/www.plasnor.com\/wp-content\/uploads\/2023\/04\/10-colors-tendencia-coches-300x134.jpg 300w, https:\/\/www.plasnor.com\/wp-content\/uploads\/2023\/04\/10-colors-tendencia-coches-768x342.jpg 768w\" sizes=\"auto, (max-width: 885px) 100vw, 885px\" title=\"\"><\/p>\n<\/div>\n<\/div><\/div><div id=\"panel-17067-2-0-1\" class=\"so-panel widget widget_sow-editor panel-last-child\" data-index=\"4\" ><div\n\t\t\t\n\t\t\tclass=\"so-widget-sow-editor so-widget-sow-editor-base\"\n\t\t\t\n\t\t><h3 class=\"widget-title\">FOTOGALERIE<\/h3>\n<div class=\"siteorigin-widget-tinymce textwidget\">\n\t<div class=\"siteorigin-widget-tinymce textwidget\">\n<div id='gallery-1' class='gallery galleryid-17067 gallery-columns-3 gallery-size-full'><figure class='gallery-item'>\n\t\t\t<div class='gallery-icon landscape'>\n\t\t\t\t<a href='https:\/\/www.plasnor.com\/wp-content\/uploads\/2019\/09\/cocina-nuevos-colores-1.jpg'><img loading=\"lazy\" decoding=\"async\" width=\"1200\" height=\"849\" src=\"https:\/\/www.plasnor.com\/wp-content\/uploads\/2019\/09\/cocina-nuevos-colores-1.jpg\" class=\"attachment-full size-full\" alt=\"\" srcset=\"https:\/\/www.plasnor.com\/wp-content\/uploads\/2019\/09\/cocina-nuevos-colores-1.jpg 1200w, https:\/\/www.plasnor.com\/wp-content\/uploads\/2019\/09\/cocina-nuevos-colores-1-300x212.jpg 300w, https:\/\/www.plasnor.com\/wp-content\/uploads\/2019\/09\/cocina-nuevos-colores-1-1024x724.jpg 1024w, https:\/\/www.plasnor.com\/wp-content\/uploads\/2019\/09\/cocina-nuevos-colores-1-768x543.jpg 768w\" sizes=\"auto, (max-width: 1200px) 100vw, 1200px\" title=\"\"><\/a>\n\t\t\t<\/div><\/figure><figure class='gallery-item'>\n\t\t\t<div class='gallery-icon landscape'>\n\t\t\t\t<a href='https:\/\/www.plasnor.com\/wp-content\/uploads\/2023\/04\/cocina-nuevos-colores-2.jpg'><img loading=\"lazy\" decoding=\"async\" width=\"1200\" height=\"849\" src=\"https:\/\/www.plasnor.com\/wp-content\/uploads\/2023\/04\/cocina-nuevos-colores-2.jpg\" class=\"attachment-full size-full\" alt=\"\" srcset=\"https:\/\/www.plasnor.com\/wp-content\/uploads\/2023\/04\/cocina-nuevos-colores-2.jpg 1200w, https:\/\/www.plasnor.com\/wp-content\/uploads\/2023\/04\/cocina-nuevos-colores-2-300x212.jpg 300w, https:\/\/www.plasnor.com\/wp-content\/uploads\/2023\/04\/cocina-nuevos-colores-2-1024x724.jpg 1024w, https:\/\/www.plasnor.com\/wp-content\/uploads\/2023\/04\/cocina-nuevos-colores-2-768x543.jpg 768w\" sizes=\"auto, (max-width: 1200px) 100vw, 1200px\" title=\"\"><\/a>\n\t\t\t<\/div><\/figure><figure class='gallery-item'>\n\t\t\t<div class='gallery-icon landscape'>\n\t\t\t\t<a href='https:\/\/www.plasnor.com\/wp-content\/uploads\/2023\/04\/cocina-nuevos-colores-3.jpg'><img loading=\"lazy\" decoding=\"async\" width=\"1200\" height=\"849\" src=\"https:\/\/www.plasnor.com\/wp-content\/uploads\/2023\/04\/cocina-nuevos-colores-3.jpg\" class=\"attachment-full size-full\" alt=\"\" srcset=\"https:\/\/www.plasnor.com\/wp-content\/uploads\/2023\/04\/cocina-nuevos-colores-3.jpg 1200w, https:\/\/www.plasnor.com\/wp-content\/uploads\/2023\/04\/cocina-nuevos-colores-3-300x212.jpg 300w, https:\/\/www.plasnor.com\/wp-content\/uploads\/2023\/04\/cocina-nuevos-colores-3-1024x724.jpg 1024w, https:\/\/www.plasnor.com\/wp-content\/uploads\/2023\/04\/cocina-nuevos-colores-3-768x543.jpg 768w\" sizes=\"auto, (max-width: 1200px) 100vw, 1200px\" title=\"\"><\/a>\n\t\t\t<\/div><\/figure><figure class='gallery-item'>\n\t\t\t<div class='gallery-icon landscape'>\n\t\t\t\t<a href='https:\/\/www.plasnor.com\/wp-content\/uploads\/2023\/04\/cocina-nuevos-colores-4.jpg'><img loading=\"lazy\" decoding=\"async\" width=\"1200\" height=\"849\" src=\"https:\/\/www.plasnor.com\/wp-content\/uploads\/2023\/04\/cocina-nuevos-colores-4.jpg\" class=\"attachment-full size-full\" alt=\"\" srcset=\"https:\/\/www.plasnor.com\/wp-content\/uploads\/2023\/04\/cocina-nuevos-colores-4.jpg 1200w, https:\/\/www.plasnor.com\/wp-content\/uploads\/2023\/04\/cocina-nuevos-colores-4-300x212.jpg 300w, https:\/\/www.plasnor.com\/wp-content\/uploads\/2023\/04\/cocina-nuevos-colores-4-1024x724.jpg 1024w, https:\/\/www.plasnor.com\/wp-content\/uploads\/2023\/04\/cocina-nuevos-colores-4-768x543.jpg 768w\" sizes=\"auto, (max-width: 1200px) 100vw, 1200px\" title=\"\"><\/a>\n\t\t\t<\/div><\/figure>\n\t\t<\/div>\n\n<\/div>\n<\/div>\n<\/div><\/div><\/div><\/div><\/div>","protected":false},"excerpt":{"rendered":"<p>lasnor pr\u00e4sentiert die 10 Farben, die in den kommenden Jahren einen Trend in der M\u00f6belindustrie setzen werden. Wei\u00dfe, &#8230; <a title=\"Die 10 trendfarben\" class=\"read-more\" href=\"https:\/\/www.plasnor.com\/de\/moebel-norsan-high-gloss\/die-10-trendfarben\/\" aria-label=\"Mehr Informationen \u00fcber Die 10 trendfarben\">[ + info ]<\/a><\/p>\n","protected":false},"author":1,"featured_media":0,"parent":17103,"menu_order":0,"comment_status":"closed","ping_status":"closed","template":"","meta":{"footnotes":""},"categories":[61],"tags":[],"class_list":{"0":"post-17067","1":"page","2":"type-page","3":"status-publish","5":"category-page-mueble-de"},"_links":{"self":[{"href":"https:\/\/www.plasnor.com\/de\/wp-json\/wp\/v2\/pages\/17067","targetHints":{"allow":["GET"]}}],"collection":[{"href":"https:\/\/www.plasnor.com\/de\/wp-json\/wp\/v2\/pages"}],"about":[{"href":"https:\/\/www.plasnor.com\/de\/wp-json\/wp\/v2\/types\/page"}],"author":[{"embeddable":true,"href":"https:\/\/www.plasnor.com\/de\/wp-json\/wp\/v2\/users\/1"}],"replies":[{"embeddable":true,"href":"https:\/\/www.plasnor.com\/de\/wp-json\/wp\/v2\/comments?post=17067"}],"version-history":[{"count":0,"href":"https:\/\/www.plasnor.com\/de\/wp-json\/wp\/v2\/pages\/17067\/revisions"}],"up":[{"embeddable":true,"href":"https:\/\/www.plasnor.com\/de\/wp-json\/wp\/v2\/pages\/17103"}],"wp:attachment":[{"href":"https:\/\/www.plasnor.com\/de\/wp-json\/wp\/v2\/media?parent=17067"}],"wp:term":[{"taxonomy":"category","embeddable":true,"href":"https:\/\/www.plasnor.com\/de\/wp-json\/wp\/v2\/categories?post=17067"},{"taxonomy":"post_tag","embeddable":true,"href":"https:\/\/www.plasnor.com\/de\/wp-json\/wp\/v2\/tags?post=17067"}],"curies":[{"name":"wp","href":"https:\/\/api.w.org\/{rel}","templated":true}]}}

<div id="pl-17067"  class="panel-layout" ><div id="pg-17067-0"  class="panel-grid panel-no-style" ><div id="pgc-17067-0-0"  class="panel-grid-cell" ><div id="panel-17067-0-0-0" class="so-panel widget widget_sow-editor panel-first-child panel-last-child" data-index="0" ><div
			
			class="so-widget-sow-editor so-widget-sow-editor-base"
			
		>
<div class="siteorigin-widget-tinymce textwidget">
	<p>lasnor präsentiert die 10 Farben, die in den kommenden Jahren einen Trend in der Möbelindustrie setzen werden. Weiße, braune oder graue Farben verschwinden nicht, aber die Verwendung einer breiteren Palette von Farben hat in den letzten Jahren an Boden gewonnen. Dies hat neuen Farben und deren Kombination Raum gegeben, um moderne und aktualisierte Küchen zu schaffen.</p>
<p>Alle diese Farben sind auch in der Premium Acrylic Qualität erhältlich, die die maximale Kratzfestigkeit der unbeschichteten Acryloberflächen aufweist und die Kratzfestigkeit der Standard-Marktqualität verdoppelt.</p>
<p><img loading="lazy" decoding="async" class="aligncenter wp-image-15098 size-large" src="https://www.plasnor.com/wp-content/uploads/2023/04/cocina-nuevos-colores-3-1024x724.jpg" alt="" width="1024" height="724" srcset="https://www.plasnor.com/wp-content/uploads/2023/04/cocina-nuevos-colores-3-1024x724.jpg 1024w, https://www.plasnor.com/wp-content/uploads/2023/04/cocina-nuevos-colores-3-300x212.jpg 300w, https://www.plasnor.com/wp-content/uploads/2023/04/cocina-nuevos-colores-3-768x543.jpg 768w, https://www.plasnor.com/wp-content/uploads/2023/04/cocina-nuevos-colores-3.jpg 1200w" sizes="auto, (max-width: 1024px) 100vw, 1024px" title=""></p>
</div>
</div></div></div></div><div id="pg-17067-1"  class="panel-grid panel-no-style" ><div id="pgc-17067-1-0"  class="panel-grid-cell" ><div id="panel-17067-1-0-0" class="so-panel widget widget_sow-editor panel-first-child" data-index="1" ><div
			
			class="so-widget-sow-editor so-widget-sow-editor-base"
			
		>
<div class="siteorigin-widget-tinymce textwidget">
	<p><strong>Dem Trend der wichtigsten internationalen Märkte und Hersteller folgend, sind dies die Farben, die in den kommenden Jahren einen Unterschied machen werden: </strong></p>
</div>
</div></div><div id="panel-17067-1-0-1" class="widget_text so-panel widget widget_custom_html panel-last-child" data-index="2" ><div class="textwidget custom-html-widget"><ul class="colores">
<li><span class="cuadro" style="background-color: #2a292a;"> </span>GRAPHITE</li>
<li><span class="cuadro" style="background-color: #868685;"> </span>ONYX GREY</li>
<li><span class="cuadro" style="background-color: #6c6c6c;"> </span>DUST GREY</li>
<li><span class="cuadro" style="background-color: #b9b8b6;"> </span>LIGHT GREY</li>
<li><span class="cuadro" style="background-color: #b4aba3;"> </span>CASHMERE</li>
<li><span class="cuadro" style="background-color: #9d978e;"> </span>PEBBLE</li>
<li><span class="cuadro" style="background-color: #d5d6d7;"> </span>ALPINE WHITE</li>
<li><span class="cuadro" style="background-color: #080d14;"> </span>ÍNDIGO</li>
<li><span class="cuadro" style="background-color: #92a6b7;"> </span>DENIM</li>
<li><span class="cuadro" style="background-color: #748889;"> </span>FJORD</li>
</ul></div></div></div></div><div id="pg-17067-2"  class="panel-grid panel-no-style" ><div id="pgc-17067-2-0"  class="panel-grid-cell" ><div id="panel-17067-2-0-0" class="so-panel widget widget_sow-editor panel-first-child" data-index="3" ><div
			
			class="so-widget-sow-editor so-widget-sow-editor-base"
			
		>
<div class="siteorigin-widget-tinymce textwidget">
	<p>Nach dem Weißmonopol in der Küche findet Farbe Jahr für Jahr ihren Platz. Bläuliche oder grünliche Farben wie <strong>Denim oder Fjord </strong>ziehen durch die Erdfarben oder die von Grau oder Schwarz abgeleiteten Farben, die weiterhin zu den am häufigsten verwendeten Farben in Küchenmöbeln gehören. Die Kombination mit natürlichen Elementen wie Holz ist das i-Tüpfelchen für eine ideale Küche.</p>
<p>Die Farbe Schwarz und seine Farbtöne wie <strong>Indigo, Graphite, Grey Dust oder Grey Onix </strong>stehen immer für weltoffene Ästhetik und modebewusste Eleganz.</p>
<p><img loading="lazy" decoding="async" class="aligncenter wp-image-15106 size-full" src="https://www.plasnor.com/wp-content/uploads/2023/04/10-colors-tendencia-coches.jpg" alt="" width="885" height="394" srcset="https://www.plasnor.com/wp-content/uploads/2023/04/10-colors-tendencia-coches.jpg 885w, https://www.plasnor.com/wp-content/uploads/2023/04/10-colors-tendencia-coches-300x134.jpg 300w, https://www.plasnor.com/wp-content/uploads/2023/04/10-colors-tendencia-coches-768x342.jpg 768w" sizes="auto, (max-width: 885px) 100vw, 885px" title=""></p>
</div>
</div></div><div id="panel-17067-2-0-1" class="so-panel widget widget_sow-editor panel-last-child" data-index="4" ><div
			
			class="so-widget-sow-editor so-widget-sow-editor-base"
			
		><h3 class="widget-title">FOTOGALERIE</h3>
<div class="siteorigin-widget-tinymce textwidget">
	<div class="siteorigin-widget-tinymce textwidget">
<div id='gallery-1' class='gallery galleryid-17067 gallery-columns-3 gallery-size-full'><figure class='gallery-item'>
			<div class='gallery-icon landscape'>
				<a href='https://www.plasnor.com/wp-content/uploads/2019/09/cocina-nuevos-colores-1.jpg'><img loading="lazy" decoding="async" width="1200" height="849" src="https://www.plasnor.com/wp-content/uploads/2019/09/cocina-nuevos-colores-1.jpg" class="attachment-full size-full" alt="" srcset="https://www.plasnor.com/wp-content/uploads/2019/09/cocina-nuevos-colores-1.jpg 1200w, https://www.plasnor.com/wp-content/uploads/2019/09/cocina-nuevos-colores-1-300x212.jpg 300w, https://www.plasnor.com/wp-content/uploads/2019/09/cocina-nuevos-colores-1-1024x724.jpg 1024w, https://www.plasnor.com/wp-content/uploads/2019/09/cocina-nuevos-colores-1-768x543.jpg 768w" sizes="auto, (max-width: 1200px) 100vw, 1200px" title=""></a>
			</div></figure><figure class='gallery-item'>
			<div class='gallery-icon landscape'>
				<a href='https://www.plasnor.com/wp-content/uploads/2023/04/cocina-nuevos-colores-2.jpg'><img loading="lazy" decoding="async" width="1200" height="849" src="https://www.plasnor.com/wp-content/uploads/2023/04/cocina-nuevos-colores-2.jpg" class="attachment-full size-full" alt="" srcset="https://www.plasnor.com/wp-content/uploads/2023/04/cocina-nuevos-colores-2.jpg 1200w, https://www.plasnor.com/wp-content/uploads/2023/04/cocina-nuevos-colores-2-300x212.jpg 300w, https://www.plasnor.com/wp-content/uploads/2023/04/cocina-nuevos-colores-2-1024x724.jpg 1024w, https://www.plasnor.com/wp-content/uploads/2023/04/cocina-nuevos-colores-2-768x543.jpg 768w" sizes="auto, (max-width: 1200px) 100vw, 1200px" title=""></a>
			</div></figure><figure class='gallery-item'>
			<div class='gallery-icon landscape'>
				<a href='https://www.plasnor.com/wp-content/uploads/2023/04/cocina-nuevos-colores-3.jpg'><img loading="lazy" decoding="async" width="1200" height="849" src="https://www.plasnor.com/wp-content/uploads/2023/04/cocina-nuevos-colores-3.jpg" class="attachment-full size-full" alt="" srcset="https://www.plasnor.com/wp-content/uploads/2023/04/cocina-nuevos-colores-3.jpg 1200w, https://www.plasnor.com/wp-content/uploads/2023/04/cocina-nuevos-colores-3-300x212.jpg 300w, https://www.plasnor.com/wp-content/uploads/2023/04/cocina-nuevos-colores-3-1024x724.jpg 1024w, https://www.plasnor.com/wp-content/uploads/2023/04/cocina-nuevos-colores-3-768x543.jpg 768w" sizes="auto, (max-width: 1200px) 100vw, 1200px" title=""></a>
			</div></figure><figure class='gallery-item'>
			<div class='gallery-icon landscape'>
				<a href='https://www.plasnor.com/wp-content/uploads/2023/04/cocina-nuevos-colores-4.jpg'><img loading="lazy" decoding="async" width="1200" height="849" src="https://www.plasnor.com/wp-content/uploads/2023/04/cocina-nuevos-colores-4.jpg" class="attachment-full size-full" alt="" srcset="https://www.plasnor.com/wp-content/uploads/2023/04/cocina-nuevos-colores-4.jpg 1200w, https://www.plasnor.com/wp-content/uploads/2023/04/cocina-nuevos-colores-4-300x212.jpg 300w, https://www.plasnor.com/wp-content/uploads/2023/04/cocina-nuevos-colores-4-1024x724.jpg 1024w, https://www.plasnor.com/wp-content/uploads/2023/04/cocina-nuevos-colores-4-768x543.jpg 768w" sizes="auto, (max-width: 1200px) 100vw, 1200px" title=""></a>
			</div></figure>
		</div>

</div>
</div>
</div></div></div></div></div>

<p>lasnor präsentiert die 10 Farben, die in den kommenden Jahren einen Trend in der Möbelindustrie setzen werden. Weiße, &#8230; <a title="Die 10 trendfarben" class="read-more" href="https://www.plasnor.com/de/moebel-norsan-high-gloss/die-10-trendfarben/" aria-label="Mehr Informationen über Die 10 trendfarben">[ + info ]</a></p>
