{"id":17094,"date":"2023-04-20T16:29:38","date_gmt":"2023-04-20T14:29:38","guid":{"rendered":"https:\/\/www.plasnor.com\/privacy-policy\/"},"modified":"2023-05-04T09:47:16","modified_gmt":"2023-05-04T07:47:16","slug":"politique-de-confidentialite","status":"publish","type":"page","link":"https:\/\/www.plasnor.com\/fr\/politique-de-confidentialite\/","title":{"rendered":"Politique de confidentialit\u00e9"},"content":{"rendered":"<p><strong>\u00bfQui\u00e9n es el responsable de sus datos?<\/strong><\/p>\n<p>De acuerdo con lo establecido por la Ley Org\u00e1nica 3\/2018, de 5 de diciembre, de Protecci\u00f3n de Datos Personales y garant\u00eda de los derechos digitales (LOPD) y el Reglamento General de Protecci\u00f3n de Datos (RGPD) de 27 de Abril de 2016, le informamos que los datos personales aportados ser\u00e1n tratados por PLASNOR, S.L. con CIF B67935031 y domicilio en BARRIO MOTXORRO S\/N \u2013 20230, LEGAZPI (Gipuzkoa).<\/p>\n<p><strong>\u00bfCu\u00e1les son sus derechos cuando nos facilita sus datos?<\/strong><\/p>\n<p>Cualquier persona tiene derecho a solicitar el acceso, rectificaci\u00f3n, supresi\u00f3n, limitaci\u00f3n del tratamiento, oposici\u00f3n o derecho a la portabilidad de sus datos personales, escribi\u00e9ndonos a la direcci\u00f3n de nuestras oficinas, o enviando un correo electr\u00f3nico a manduaga@plasnor.com, indicando el derecho que desea ejercer.<\/p>\n<p>Tendr\u00e1 derecho igualmente a retirar el consentimiento prestado en cualquier momento. La retirada del consentimiento no afectar\u00e1 a la licitud del tratamiento efectuado antes de la retirada de dicho consentimiento.<\/p>\n<p>Tiene derecho a presentar una reclamaci\u00f3n ante la autoridad de control si considera que pueden haber sido vulnerados sus derechos en lo concerniente a la protecci\u00f3n de sus datos personales.<\/p>\n<h3>CONTACTOS<\/h3>\n<p><strong>\u00bfCon qu\u00e9 finalidad tratamos sus datos personales?<\/strong><br \/>\nLos datos aportados por usted son necesarios para poder prestarle con todas las garant\u00edas el servicio solicitado, y ser\u00e1n tratados con las siguientes finalidades: Recoger los datos de car\u00e1cter personal que sean obtenidos a trav\u00e9s de los formularios de contacto disponibles en la p\u00e1gina web de la empresa para el contacto con el solicitante y env\u00edo de boletines publicitarios.<\/p>\n<p><strong>\u00bfPor cu\u00e1nto tiempo conservaremos sus datos?<\/strong><br \/>\nLos datos personales proporcionados se conservar\u00e1n mientras se prevea que pueden ser necesarios para contactar con el interesado.<\/p>\n<p><strong>\u00bfCu\u00e1l es la legitimaci\u00f3n para el tratamiento de sus datos?<\/strong><br \/>\nLa base legal para el tratamiento de sus datos es el consentimiento del interesado al contactar con nuestra organizaci\u00f3n.<\/p>\n<p><strong>\u00bfA qu\u00e9 destinatarios se comunicar\u00e1n sus datos?<\/strong><br \/>\nSus datos no se ceder\u00e1n a terceros salvo obligaci\u00f3n legal.<\/p>\n<h3>CURRICULUMS<strong><br \/>\n<\/strong><\/h3>\n<p><strong>\u00bfCon qu\u00e9 finalidad tratamos sus datos personales?<\/strong><br \/>\nLos datos aportados por usted son necesarios para poder prestarle con todas las garant\u00edas el servicio solicitado, y ser\u00e1n tratados con las siguientes finalidades: Gesti\u00f3n de datos de los solicitantes para an\u00e1lisis de perfiles en periodo de selecci\u00f3n de personal.<\/p>\n<p><strong>\u00bfPor cu\u00e1nto tiempo conservaremos sus datos?<\/strong><br \/>\nLos datos personales proporcionados se conservar\u00e1n hasta la finalizaci\u00f3n del proceso de selecci\u00f3n y posteriormente por un plazo m\u00e1ximo de dos meses.<\/p>\n<p><strong>\u00bfCu\u00e1l es la legitimaci\u00f3n para el tratamiento de sus datos?<\/strong><br \/>\nLa base legal para el tratamiento de sus datos es el consentimiento del interesado al proporcionar sus datos.<\/p>\n<p><strong>\u00bfA qu\u00e9 destinatarios se comunicar\u00e1n sus datos?<\/strong><br \/>\nSus datos no se ceder\u00e1n a terceros salvo obligaci\u00f3n legal.<\/p>\n<h2>VIDEOVIGILANCIA<\/h2>\n<p><strong>\u00bfCon qu\u00e9 finalidad tratamos sus datos personales?<\/strong><br \/>\nLos datos aportados por usted son necesarios para poder prestarle con todas las garant\u00edas el servicio solicitado, y ser\u00e1n tratados con las siguientes finalidades: Grabaci\u00f3n y tratamiento de im\u00e1genes para vigilancia privada y garantizar la seguridad de los distintos lugares del centro.<\/p>\n<p><strong>\u00bfPor cu\u00e1nto tiempo conservaremos sus datos?<\/strong><br \/>\nLos datos personales proporcionados se conservar\u00e1n durante el plazo m\u00e1ximo de un mes desde su grabaci\u00f3n.<\/p>\n<p><strong>\u00bfCu\u00e1l es la legitimaci\u00f3n para el tratamiento de sus datos?<\/strong><br \/>\nLa base legal para el tratamiento de sus datos es el inter\u00e9s leg\u00edtimo de la entidad en la vigilancia y seguridad de las instalaciones.<\/p>\n<p><strong>\u00bfA qu\u00e9 destinatarios se comunicar\u00e1n sus datos?<\/strong><br \/>\nPara cumplir con la finalidad prevista, sus datos podr\u00e1n ser comunicados a: Fuerzas y cuerpos de seguridad.<\/p>\n<p>&nbsp;<\/p>\n","protected":false},"excerpt":{"rendered":"<p>\u00bfQui\u00e9n es el responsable de sus datos? De acuerdo con lo establecido por la Ley Org\u00e1nica 3\/2018, de &#8230; <a title=\"Politique de confidentialit\u00e9\" class=\"read-more\" href=\"https:\/\/www.plasnor.com\/fr\/politique-de-confidentialite\/\" aria-label=\"En savoir plus sur Politique de confidentialit\u00e9\">[ + info ]<\/a><\/p>\n","protected":false},"author":1,"featured_media":0,"parent":0,"menu_order":0,"comment_status":"closed","ping_status":"closed","template":"","meta":{"footnotes":""},"categories":[],"tags":[],"class_list":["post-17094","page","type-page","status-publish"],"_links":{"self":[{"href":"https:\/\/www.plasnor.com\/fr\/wp-json\/wp\/v2\/pages\/17094","targetHints":{"allow":["GET"]}}],"collection":[{"href":"https:\/\/www.plasnor.com\/fr\/wp-json\/wp\/v2\/pages"}],"about":[{"href":"https:\/\/www.plasnor.com\/fr\/wp-json\/wp\/v2\/types\/page"}],"author":[{"embeddable":true,"href":"https:\/\/www.plasnor.com\/fr\/wp-json\/wp\/v2\/users\/1"}],"replies":[{"embeddable":true,"href":"https:\/\/www.plasnor.com\/fr\/wp-json\/wp\/v2\/comments?post=17094"}],"version-history":[{"count":0,"href":"https:\/\/www.plasnor.com\/fr\/wp-json\/wp\/v2\/pages\/17094\/revisions"}],"wp:attachment":[{"href":"https:\/\/www.plasnor.com\/fr\/wp-json\/wp\/v2\/media?parent=17094"}],"wp:term":[{"taxonomy":"category","embeddable":true,"href":"https:\/\/www.plasnor.com\/fr\/wp-json\/wp\/v2\/categories?post=17094"},{"taxonomy":"post_tag","embeddable":true,"href":"https:\/\/www.plasnor.com\/fr\/wp-json\/wp\/v2\/tags?post=17094"}],"curies":[{"name":"wp","href":"https:\/\/api.w.org\/{rel}","templated":true}]}}

Politique de confidentialité

<p><strong>¿Quién es el responsable de sus datos?</strong></p>
<p>De acuerdo con lo establecido por la Ley Orgánica 3/2018, de 5 de diciembre, de Protección de Datos Personales y garantía de los derechos digitales (LOPD) y el Reglamento General de Protección de Datos (RGPD) de 27 de Abril de 2016, le informamos que los datos personales aportados serán tratados por PLASNOR, S.L. con CIF B67935031 y domicilio en BARRIO MOTXORRO S/N – 20230, LEGAZPI (Gipuzkoa).</p>
<p><strong>¿Cuáles son sus derechos cuando nos facilita sus datos?</strong></p>
<p>Cualquier persona tiene derecho a solicitar el acceso, rectificación, supresión, limitación del tratamiento, oposición o derecho a la portabilidad de sus datos personales, escribiéndonos a la dirección de nuestras oficinas, o enviando un correo electrónico a manduaga@plasnor.com, indicando el derecho que desea ejercer.</p>
<p>Tendrá derecho igualmente a retirar el consentimiento prestado en cualquier momento. La retirada del consentimiento no afectará a la licitud del tratamiento efectuado antes de la retirada de dicho consentimiento.</p>
<p>Tiene derecho a presentar una reclamación ante la autoridad de control si considera que pueden haber sido vulnerados sus derechos en lo concerniente a la protección de sus datos personales.</p>
<h3>CONTACTOS</h3>
<p><strong>¿Con qué finalidad tratamos sus datos personales?</strong><br />
Los datos aportados por usted son necesarios para poder prestarle con todas las garantías el servicio solicitado, y serán tratados con las siguientes finalidades: Recoger los datos de carácter personal que sean obtenidos a través de los formularios de contacto disponibles en la página web de la empresa para el contacto con el solicitante y envío de boletines publicitarios.</p>
<p><strong>¿Por cuánto tiempo conservaremos sus datos?</strong><br />
Los datos personales proporcionados se conservarán mientras se prevea que pueden ser necesarios para contactar con el interesado.</p>
<p><strong>¿Cuál es la legitimación para el tratamiento de sus datos?</strong><br />
La base legal para el tratamiento de sus datos es el consentimiento del interesado al contactar con nuestra organización.</p>
<p><strong>¿A qué destinatarios se comunicarán sus datos?</strong><br />
Sus datos no se cederán a terceros salvo obligación legal.</p>
<h3>CURRICULUMS<strong><br />
</strong></h3>
<p><strong>¿Con qué finalidad tratamos sus datos personales?</strong><br />
Los datos aportados por usted son necesarios para poder prestarle con todas las garantías el servicio solicitado, y serán tratados con las siguientes finalidades: Gestión de datos de los solicitantes para análisis de perfiles en periodo de selección de personal.</p>
<p><strong>¿Por cuánto tiempo conservaremos sus datos?</strong><br />
Los datos personales proporcionados se conservarán hasta la finalización del proceso de selección y posteriormente por un plazo máximo de dos meses.</p>
<p><strong>¿Cuál es la legitimación para el tratamiento de sus datos?</strong><br />
La base legal para el tratamiento de sus datos es el consentimiento del interesado al proporcionar sus datos.</p>
<p><strong>¿A qué destinatarios se comunicarán sus datos?</strong><br />
Sus datos no se cederán a terceros salvo obligación legal.</p>
<h2>VIDEOVIGILANCIA</h2>
<p><strong>¿Con qué finalidad tratamos sus datos personales?</strong><br />
Los datos aportados por usted son necesarios para poder prestarle con todas las garantías el servicio solicitado, y serán tratados con las siguientes finalidades: Grabación y tratamiento de imágenes para vigilancia privada y garantizar la seguridad de los distintos lugares del centro.</p>
<p><strong>¿Por cuánto tiempo conservaremos sus datos?</strong><br />
Los datos personales proporcionados se conservarán durante el plazo máximo de un mes desde su grabación.</p>
<p><strong>¿Cuál es la legitimación para el tratamiento de sus datos?</strong><br />
La base legal para el tratamiento de sus datos es el interés legítimo de la entidad en la vigilancia y seguridad de las instalaciones.</p>
<p><strong>¿A qué destinatarios se comunicarán sus datos?</strong><br />
Para cumplir con la finalidad prevista, sus datos podrán ser comunicados a: Fuerzas y cuerpos de seguridad.</p>
<p>&nbsp;</p>

<p>¿Quién es el responsable de sus datos? De acuerdo con lo establecido por la Ley Orgánica 3/2018, de &#8230; <a title="Politique de confidentialité" class="read-more" href="https://www.plasnor.com/fr/politique-de-confidentialite/" aria-label="En savoir plus sur Politique de confidentialité">[ + info ]</a></p>
